 ten thousands digit of 390046371?
4
What is the thousands digit of 35875042?
5
What is the millions digit of 3814965460?
4
What is the thousands digit of 1795276040?
6
What is the hundred thousands digit of 267950032?
9
What is the hundreds digit of 70827042?
0
What is the tens digit of 2088562448?
4
What is the hundred millions digit of 805423530?
8
What is the thousands digit of 5033256537?
6
What is the millions digit of 16734943?
6
What is the hundred thousands digit of 259041870?
0
What is the hundreds digit of 5805246853?
8
What is the hundreds digit of 158688650?
6
What is the hundred millions digit of 649530425?
6
What is the ten thousands digit of 142138128?
3
What is the millions digit of 205529955?
5
What is the ten millions digit of 42386879?
4
What is the hundred millions digit of 1889854521?
8
What is the hundreds digit of 36207887?
8
What is the units digit of 110554311?
1
What is the millions digit of 851766658?
1
What is the millions digit of 181817803?
1
What is the units digit of 3008012770?
0
What is the hundreds digit of 7930026?
0
What is the ten thousands digit of 322725262?
2
What is the tens digit of 421835888?
8
What is the thousands digit of 586435655?
5
What is the units digit of 49572743?
3
What is the ten millions digit of 20557364?
2
What is the hundred thousands digit of 22123510?
1
What is the tens digit of 217276322?
2
What is the units digit of 350991227?
7
What is the tens digit of 74470237?
3
What is the tens digit of 3282974?
7
What is the hundred thousands digit of 6837893774?
8
What is the hundred thousands digit of 141037558?
0
What is the hundreds digit of 39179536?
5
What is the hundred millions digit of 2065452944?
0
What is the ten thousands digit of 864620798?
2
What is the hundred thousands digit of 130895233?
8
What is the thousands digit of 242546723?
6
What is the thousands digit of 209336441?
6
What is the hundred millions digit of 101229646?
1
What is the tens digit of 20605535?
3
What is the ten thousands digit of 67172155?
7
What is the hundreds digit of 904402014?
0
What is the millions digit of 1418678801?
8
What is the hundreds digit of 329889135?
1
What is the hundreds digit of 6465764861?
8
What is the units digit of 96609729?
9
What is the ten millions digit of 114124268?
1
What is the thousands digit of 55703884?
3
What is the billions digit of 8789393672?
8
What is the hundreds digit of 461825906?
9
What is the hundreds digit of 186098115?
1
What is the ten thousands digit of 1383028?
8
What is the ten millions digit of 827270338?
2
What is the hundreds digit of 40827847?
8
What is the millions digit of 148142604?
8
What is the billions digit of 2770094488?
2
What is the hundred millions digit of 2715639244?
7
What is the ten thousands digit of 131850585?
5
What is the millions digit of 6725699?
6
What is the thousands digit of 21474288?
4
What is the hundred thousands digit of 60275544?
2
What is the hundreds digit of 549085902?
9
What is the hundred thousands digit of 2471065322?
0
What is the tens digit of 2856131639?
3
What is the units digit of 271504915?
5
What is the ten millions digit of 75924205?
7
What is the millions digit of 1259387474?
9
What is the units digit of 1672337464?
4
What is the millions digit of 223091447?
3
What is the units digit of 338045207?
7
What is the hundreds digit of 104089631?
6
What is the hundred millions digit of 2500195952?
5
What is the hundreds digit of 315911601?
6
What is the ten thousands digit of 2580240585?
4
What is the hundred millions digit of 802706927?
8
What is the thousands digit of 283099842?
9
What is the millions digit of 340056042?
0
What is the hundred thousands digit of 72032691?
0
What is the ten thousands digit of 12038954?
3
What is the hundred thousands digit of 86482715?
4
What is the ten thousands digit of 147104058?
0
What is the millions digit of 20526344?
0
What is the millions digit of 147889729?
7
What is the hundreds digit of 1545569746?
7
What is the millions digit of 968984999?
8
What is the millions digit of 804026977?
4
What is the units digit of 983374737?
7
What is the hundred millions digit of 4986205162?
9
What is the hundred thousands digit of 121034853?
0
What is the hundred thousands digit of 681993157?
9
What is the ten millions digit of 56685400?
5
What is the thousands digit of 154834524?
4
What is the hundred thousands digit of 6173737?
1
What is the units digit of 8851846?
6
What is the ten millions digit of 312890392?
1
What is the tens digit of 715334459?
5
What is the units digit of 473134606?
6
What is the units digit of 754158602?
2
What is the hundreds digit of 69288355?
3
What is the ten millions digit of 154678289?
5
What is the hundred thousands digit of 183799454?
7
What is the units digit of 1470843178?
8
What is the hundred millions digit of 1302093622?
3
What is the units digit of 318442156?
6
What is the units digit of 69145174?
4
What is the ten thousands digit of 1660855571?
5
What is the ten thousands digit of 403449294?
4
What is the millions digit of 3483475?
3
What is the tens digit of 345621479?
7
What is the tens digit of 131390723?
2
What is the units digit of 31045748?
8
What is the hundreds digit of 544754287?
2
What is the ten thousands digit of 1036547939?
4
What is the hundreds digit of 25593245?
2
What is the ten thousands digit of 4927161308?
6
What is the ten millions digit of 12402607?
1
What is the units digit of 1122360769?
9
What is the ten thousands digit of 8542149?
4
What is the hundreds digit of 89964747?
7
What is the hundreds digit of 16491251?
2
What is the ten millions digit of 85200907?
8
What is the millions digit of 8045750?
8
What is the thousands digit of 104737755?
7
What is the millions digit of 7712461531?
2
What is the ten millions digit of 485664623?
8
What is the hundred thousands digit of 2240459?
2
What is the hundreds digit of 74966113?
1
What is the units digit of 6037533820?
0
What is the tens digit of 791869214?
1
What is the ten millions digit of 59296767?
5
What is the units digit of 569429973?
3
What is the thousands digit of 2180106793?
6
What is the hundreds digit of 2374198031?
0
What is the millions digit of 14644201?
4
What is the thousands digit of 1000023445?
3
What is the ten millions digit of 6185225492?
8
What is the thousands digit of 758260193?
0
What is the thousands digit of 753346505?
6
What is the millions digit of 44005191?
4
What is the hundred thousands digit of 17584087?
5
What is the hundreds digit of 73545457?
4
What is the ten thousands digit of 6433324465?
2
What is the millions digit of 1242279789?
2
What is the billions digit of 3036780728?
3
What is the units digit of 209684829?
9
What is the ten millions digit of 38764518?
3
What is the hundred thousands digit of 1591632130?
6
What is the ten millions digit of 247968897?
4
What is the ten thousands digit of 4700553?
0
What is the thousands digit of 453021274?
1
What is the units digit of 4142687?
7
What is the hundred thousands digit of 127644533?
6
What is the units digit of 7440013?
3
What is the ten millions digit of 466912157?
6
What is the units digit of 347991648?
8
What is the tens digit of 90069225?
2
What is the ten thousands digit of 2804388440?
8
What is the billions digit of 3055287124?
3
What is the hundred thousands digit of 568051943?
0
What is the hundred thousands digit of 633024022?
0
What is the hundred thousands digit of 652219602?
2
What is the millions digit of 464850298?
4
What is the ten thousands digit of 590093592?
9
What is the units digit of 97964876?
6
What is the units digit of 148604777?
7
What is the thousands digit of 530380971?
0
What is the hundreds digit of 54761274?
2
What is the units digit of 353559299?
9
What is the thousands digit of 833267222?
7
What is the tens digit of 25985704?
0
What is the units digit of 8521356?
6
What is the ten millions digit of 486418009?
8
What is the hundred thousands digit of 667054477?
0
What is the hundred thousands digit of 1076208715?
2
What is the hundreds digit of 682855111?
1
What is the hundred millions digit of 2663844663?
6
What is the ten thousands digit of 5369479?
6
What is the units digit of 50743536?
6
What is the ten thousands digit of 622366081?
6
What is the tens 